git of l?
1
Suppose 28 = -5*r + 7*r. Suppose p + 7 = 3*v, p - r + 3 = -3*v. Let l(b) = -b**3 + 3*b**2 + 2*b - 3. What is the units digit of l(v)?
3
Let l be (-52)/14 - 6/21. What is the units digit of l/3*(-84)/8?
4
Let r = 1 - -3. Let b(l) = -2*l + 5. Let k be b(0). Suppose -33 = -3*u - 3*q, k*u + 2*q - 36 - r = 0. What is the units digit of u?
6
Let n(y) = -y**2 + 3*y + 1. Let p(w) = w**3 - 9*w**2 + 9*w - 6. Let v be p(8). Suppose v*f + 3*f = 15. What is the units digit of n(f)?
1
Suppose -6 - 14 = 4*u. What is the units digit of 3/2*(u + 11)?
9
Suppose -2*q = -n + 29, 3*q + 120 = 4*n - q. Suppose -5*f - 5*v + 60 = -3*v, 4*f + 5*v - n = 0. What is the tens digit of f?
1
Suppose 0 = 5*m - 2*m - 72. What is the tens digit of m?
2
Let g be 6/15 - 404/10. Let j = -15 - g. What is the tens digit of j?
2
Let l be (1 - 21)*(-14)/(-35). What is the tens digit of ((-78)/l)/((-16)/(-64))?
3
Let h be (-14)/(-2) - (17 - 16). Suppose -h*j + j + 85 = 0. What is the units digit of j?
7
Let t = 174 + -74. Suppose -5*i = -5*z - 2*i + t, -5*z + 135 = 4*i. What is the tens digit of z?
2
Suppose -26 = -9*h + 532. What is the units digit of h?
2
Suppose -2*x + o + 45 - 16 = 0, -3*o + 78 = 5*x. Let t = 25 + x. Suppose -2*n + 6*n - t = 0. What is the tens digit of n?
1
Let y be (-9)/(-6)*30/9. Suppose -10 = y*o, -4*d + 101 + 13 = 5*o. What is the tens digit of d?
3
Let x(l) = l**2 - 4*l + 7. Let t be (-16)/(-3) + 2/(-6). Let z be x(t). Suppose -r = -4*r + z. What is the units digit of r?
4
Let u = -30 - -84. What is the units digit of u?
4
Let k(n) = 2*n - 4. Let d be k(4). Let l(f) = -4*f - d*f + 3*f + 10 + 6*f. What is the units digit of l(8)?
8
Suppose 15 = -3*i, -4*k - 5*i = -k - 122. Let d = -3 + k. What is the units digit of d?
6
Let j be ((-24)/(-36))/(2/(-3))*8. Let h(v) = -v**3 - v**2 + 3*v - 1. Let l be h(2). Let k = l - j. What is the units digit of k?
1
Let w = 23 + -10. What is the tens digit of w?
1
Let t be 0 - (-1 + -1 - -2). What is the tens digit of (-8)/8 + (26 - t)?
2
Let v(d) = d**3 - 4*d**2 + 3*d. Let q be v(3). Suppose 3*p = -5*b - p + 12, q = 2*b - p - 10. What is the units digit of b?
4
Suppose -2*y + 11 = -1. Let d(p) = -6*p**2 + 6*p. Let g(s) = 5*s**2 - 6*s. Let a(u) = y*d(u) + 7*g(u). What is the units digit of a(-4)?
8
Suppose 25 - 4 = 3*j. What is the units digit of j?
7
Let f = 112 + 3. What is the tens digit of f?
1
Let x(v) = -v**2 - 12*v - 4. Let a(l) = -2*l**2 + 5*l - 4. Let r be a(3). What is the units digit of x(r)?
1
Let u = 177 - 97. What is the units digit of u?
0
What is the tens digit of 89 + ((-10)/(-20))/((-1)/(-2))?
9
Suppose -5*x + 107 = -238. What is the units digit of x?
9
Let v(d) = d**3 - d**2 - 5*d + 2. Let a(n) = n**2 - 9*n + 11. Let j be a(8). Let h be v(j). Suppose -h*p + 18 = -22. What is the units digit of p?
8
Let d = -8 + 8. Suppose d = 3*b - 2*b - 5. What is the units digit of b?
5
Let n(o) be the second derivative of 3*o**5/20 + o**4/12 - o**2/2 + o. Let u be n(1). Suppose u*m + m + 7 = -r, 4*m = -2*r + 6. What is the tens digit of r?
1
Let s = 2 - 3. Let f be s/(-3)*0*1. Suppose -2*d - 2*d + 40 = f. What is the units digit of d?
0
Suppose 4*p = y - 0*y - 24, 2*p = 3*y - 22. What is the units digit of y/(-22) - (-120)/55?
2
Let c be (-142 - 0)*(-4)/8. Suppose 0 = -3*r + c - 26. What is the tens digit of r?
1
Let o(g) = 2*g**2 - 3*g - 4. Let x be o(3). Suppose x*z = -121 + 11. What is the units digit of (-70)/z + 10/(-55)?
3
Let u(l) = -7*l + 2. What is the units digit of u(-3)?
3
Let h be (-6)/(-24) + 66/(-8). Suppose -k - 13 = -5*f, 0*f = k + f + 13. Let w = h - k. What is the units digit of w?
5
Let k(s) = -6*s - 1. What is the tens digit of k(-2)?
1
Suppose -2*k - 4 = w - 0, 0 = 4*w + 5*k + 16. Let s = 13 + w. What is the units digit of s?
9
Let t be (-3)/(-4)*40/15. Suppose 3*s = t*s + 19. What is the units digit of s?
9
Let s(v) = 5*v - 2. What is the units digit of s(2)?
8
What is the tens digit of (48/(-10))/(36/(-600))?
8
Let z be (-251)/(-4) + (-2)/(-8). Suppose 0 = -4*t + 2*a - z + 217, 5*a = -2*t + 59. What is the tens digit of t?
3
Suppose -3*o + 212 = -j, -7*o = -3*o - j - 281. Suppose v - o = -2*v. Let a = -10 + v. What is the tens digit of a?
1
Suppose 0 = -4*f - 5*c + 108, -4*c + 104 = 4*f - 0*c. What is the units digit of f?
2
Let f = -2 + 20. What is the tens digit of f?
1
Let u be 22/10 - 4/20. Suppose 4*x - 198 = -u. Suppose -4*w + x = 17. What is the units digit of w?
8
Suppose 0 = -j + 56 - 20. Suppose -j = -2*f - 2*f - 4*c, -3*c = -f + 1. What is the units digit of f?
7
Let u(x) = -x**3 - x**2 + 1. Let y be u(0). What is the units digit of 5 + 3/1*y?
8
Suppose 0 = -4*h + 5*h - 32. What is the tens digit of h?
3
Let p(m) = -m**2 - 5*m + 3. Let r be p(-5). Suppose 2*x + r*a = 35, 2*x - 15 = 5*a + 28. What is the units digit of x?
9
Let a be (-2 + 4/2)/1. Let b(f) = -4*f + 2*f**2 - f**2 + a*f + 4. What is the units digit of b(4)?
4
What is the tens digit of (1 + -77)*2/(-16)*4?
3
Let j(z) = -15*z + 11. Let d(g) = -7*g + 5. Let l(m) = -9*d(m) + 4*j(m). Let a be l(1). What is the units digit of a*(-1)/(-2) + 8?
9
Let d = 6 + -6. What is the tens digit of 9 + d/(-2) + 1?
1
What is the tens digit of (83 + 4/(-2))*(-9 + 10)?
8
What is the units digit of 5*12 - -1 - -4?
5
Suppose 4*i + 3*r - 60 = 36, 0 = 3*i + r - 67. Let y = -15 + i. What is the units digit of y/27 - (-122)/18?
7
Let z(v) = -v**2 + 6*v + 2. Let j be z(4). Let i(k) = k**3 - 11*k**2 + 12*k - 7. What is the units digit of i(j)?
3
Suppose 16*g + 1530 = 5338. What is the tens digit of g?
3
Suppose 4*s - 28 = -4*c, 3*c = -4*s + 22 + 10. Let g = s + 0. What is the units digit of g?
1
Suppose 5*a + 2*u + 73 = 386, -319 = -5*a + 4*u. What is the tens digit of a?
6
Let y(w) = 4*w - 7. Suppose -4*l - 28 = -2*g, 0*l - 4*l + 2 = g. What is the units digit of y(g)?
3
Suppose -56 = -11*j + 9*j. What is the tens digit of j?
2
Suppose 0 = h - 0*h. Let v = 3 - h. What is the units digit of (-2 + 11/3)*v?
5
Let g be (-16)/(-40) - (-4)/(-10). What is the units digit of (-22)/(-3 + 1 - g)?
1
Let d = 16 + -14. What is the units digit of d?
2
Suppose 0 = -3*g - 5*b - 1, g - 2*b - 7 = -0*g. Suppose -2*j + 2 = 4*k - 14, -15 = -3*j - g*k. What is the units digit of j?
2
Let f = 587 - 337. What is the units digit of f?
0
Suppose 2*l - 149 = 59. What is the hundreds digit of l?
1
Let u = -5 + 2. Let v = 14 - u. What is the tens digit of v?
1
Suppose 0 = -y + 4*y + 5*i - 34, -4*i + 26 = 2*y. Let v be 6*(-3)/2*(-5)/15. What is the units digit of (v + 5)*y/6?
4
Suppose -f + 408 = 5*f. What is the tens digit of f?
6
Let j be 5 + -6 + (-4)/2. Let p be (5 + j)*6/(-4). What is the units digit of (36/p)/(-2 - 0)?
6
Let o = -28 - -40. Suppose -o = -4*v + 64. What is the tens digit of v?
1
Let o = 70 + -34. Suppose -u = -2*u + o. What is the units digit of u?
6
Let p(n) = -n + 22. Let q be p(15). Suppose -2*w - q + 25 = 0. What is the units digit of w?
9
Suppose 0 = -9*p + 513 + 477. What is the units digit of p?
0
Suppose 2*a = 5*v - 3*a - 40, -3*v = -a - 14. Let q(i) = -2*i**v + 6*i**2 + 4*i**3 - i**2 - 3*i**3 + 5. What is the units digit of q(5)?
5
Let n be (-5 - -3)/(1/2). Suppose 33 = -7*t + 10*t. Let o = t + n. What is the units digit of o?
7
Suppose 0 = -5*w - 3*m + 132, -3*w - 4*m + 84 = -m. Let k be 18/4*w/18. Suppose k*l = l + 45. What is the units digit of l?
9
Let q = 3 - 3. Let g = q - -3. Suppose -8*i + g*i = -5. What is the units digit of i?
1
Let n(u) = u**3 - 7*u**2 + u - 5. Let l be n(7). Suppose 0 = l*z - 0*z - 14. What is the units digit of z?
7
Let v(u) = u**3 - 8*u**2 + 8*u - 1. Let c be v(7). What is the units digit of ((-4)/6)/(c/(-117))?
3
Let a(c) be the first derivative of c**4/8 - 3*c**2/2 - 1. Let k(u) be the second derivative of a(u). What is the units digit of k(2)?
6
Suppose -2*a = a. Suppose a = 3*r + 11 - 158. What is the units digit of r?
9
Suppose -x - 4*j + 3 = 0, -57 = -5*x - 0*j + j. Suppose -x = -t + 1. What is the units digit of t?
2
Let f(o) = o**2 + 5*o + 4. Let t be f(-5). Suppose t*z + 8 = 5*z. What is the units digit of z?
8
Suppose 5*s = s. Suppose -3*p + 16 + 14 = s. What is the units digit of ((-4)/p)/(1/(-15))?
6
Suppose -3*q + 245 = 5*n - n, -5*q = -5*n - 455. What is the units digit of q?
7
Suppose -4*y -